46 - -2.
24
Suppose -8 + 5 = -3*x. Suppose 5*v + 9 = -x, 0 = 3*p + 3*v - 27. Calculate the remainder when 43 is divided by p.
10
Suppose -7 - 103 = -5*o + 5*f, o - 19 = -2*f. Let v(h) = -h**2 - 6*h + 11. Let q = -17 + 11. Calculate the remainder when o is divided by v(q).
10
Let s be (4/12)/(1/9). Let x be (-1 - (-3)/9)*s. What is the remainder when 19 is divided by (x/(-4))/(-1)*-14?
5
What is the remainder when 11/(264/(-368))*(-2 - 1) is divided by 24?
22
Let h(f) = f**2 - 5*f + 45. What is the remainder when h(14) is divided by 29?
26
Suppose 0 = 5*o + 5*k - 50, -2*o + 29 + 1 = 4*k. Calculate the remainder when o is divided by 2.
1
Let s be 12/(-15)*(-5)/2. Suppose s*m + 36 = -5*v, 2*m = v + 2*v - 36. Let y = m + 28. Calculate the remainder when 29 is divided by y.
9
Let m(h) = 2*h - 9. Calculate the remainder when m(7) is divided by 4.
1
Suppose -336 = -4*d - 2*d. What is the remainder when d is divided by 19?
18
Let g(l) = -4*l - 1. Let s be g(1). Let z = 8 + s. Let a = -2 + z. Calculate the remainder when a is divided by 1.
0
Suppose -5*r = 5*h - 15, -5*h = -3*r - 3*h + 19. What is the remainder when 23 is divided by r?
3
Let t be 21/(-28) - 998/(-8). Suppose 0 = -2*s - 2*s + t. What is the remainder when s is divided by 8?
7
Suppose -2*x + 2 = 2*c, 11 = 3*x - 2*c + c. Calculate the remainder when x is divided by 1.
0
Let m be ((-2)/(-3))/((-20)/(-90)). Suppose -55 = -m*w - 13. Calculate the remainder when 41 is divided by w.
13
Let g(x) = -x**2 + 8*x - 3. Let o(f) = -f**2 - 6*f - 3. Let c be o(-4). Suppose -84 = t - 5*t. Calculate the remainder when t is divided by g(c).
9
Let r(w) = -w**2 - 2*w + 10. What is the remainder when 9 is divided by r(-4)?
1
Suppose 2*g - 7 = 1. Let m = -10 - -12. Suppose -m*n = -4, -g*n + 3 = -o + 14. Calculate the remainder when o is divided by 10.
9
Let g(l) = -l**2 - 9*l - 14. Let n = 0 - 2. Calculate the remainder when 1/(n + (-30)/(-14)) is divided by g(-3).
3
Let k = 31 - 19. Let l(c) = -c**3 + 6*c**2 + 10*c - 14. Let x be l(7). Suppose 0 = -21*r + 22*r - x. What is the remainder when k is divided by r?
5
Suppose -4*u + 181 = u + b, 5*u = 4*b + 201. Calculate the remainder when 108 is divided by u.
34
Suppose 4*x = -2*u + 2, 4*x + u - 8 = -3*u. Let h = 41 + -24. Calculate the remainder when (-2)/3*75/x is divided by h.
16
Suppose 2*u - a - 3*a = 188, -2*u = 2*a - 158. Calculate the remainder when u is divided by 11.
7
Suppose -56 = d + 3*d. Calculate the remainder when 22 is divided by (-108)/d - (-8)/28.
6
Suppose -2*w - 10 = 0, -35 = -0*m - 5*m + 4*w. Suppose 0 = c - 2*c + 9. Calculate the remainder when c is divided by m.
0
Suppose -246 = -4*y + 194. Suppose 5*h = -5*g + 320, -3*g + g - 3*h + 127 = 0. Let s = y - g. Calculate the remainder when s is divided by 16.
13
Suppose -14 = -2*r + 4*c, -2*r = -4*r + c + 8. Suppose r*z - 7*z = 4*h - 208, 3*z + h = 158. Calculate the remainder when z is divided by 14.
11
Let f(a) = -6*a + 5. Suppose 8*z - 9*z + 22 = 0. Calculate the remainder when f(-6) is divided by z.
19
Let d(m) = 8*m**2 - 2*m. Let k be d(-2). Suppose -5*z + 59 = -k. What is the remainder when z is divided by 11?
8
Let n(u) be the second derivative of -u**3/6 + 12*u**2 - 4*u. Calculate the remainder when n(0) is divided by 9.
6
Let v be 7/((-63)/(-30))*-6. Let w = v + 35. What is the remainder when 28 is divided by w?
13
Suppose 11*y = 9*y + 30. What is the remainder when (0 - -1)/((-1)/(-59)) is divided by ((-8)/(-6))/(1/y)?
19
Calculate the remainder when 36 is divided by ((-26)/4)/((-2)/4).
10
Let z(n) = n - 4. Let x be z(6). Suppose f = 2*f - x. Suppose -3*t + 30 = -f*r, t - r + 4 = -5*r. What is the remainder when 15 is divided by t?
7
Let z(q) = 5*q. Let v be z(7). Suppose -i - 2*i + 159 = 0. Let a = i - v. Calculate the remainder when 34 is divided by a.
16
Suppose -2*i = -3*i - w + 8, -4*i + 2*w = -26. Suppose 0 = -i*c + 2*c + 5. Let o = c + 7. What is the remainder when 31 is divided by o?
7
Let s be ((-44)/11)/((-2)/4). Let w = 10 - s. Calculate the remainder when 4 is divided by w.
0
Suppose -2*w + 20 = 3*w. Let g(t) = t - 2. Let r(v) = 3*v - 5. Let f(p) = w*r(p) - 9*g(p). Calculate the remainder when f(7) is divided by 10.
9
Let l(h) be the first derivative of -13*h**4/4 - h - 2. Let q(x) = 22*x + 1. Calculate the remainder when q(1) is divided by l(-1).
11
Let w(b) = -3*b - 2*b + 7*b - b. Suppose 0 = -5*o + n + 17, 3*o + 2*n = 6*o - 13. Calculate the remainder when 9 is divided by w(o).
0
Suppose -3*g - 57 = -2*m - m, 2*m - 59 = -5*g. Suppose 2*z - 4*k - 20 = 0, -4*z + k - 20 = -67. Calculate the remainder when m is divided by z.
10
Let s = -3 - -2. Let u(b) = -b**3 - 2*b**2 - b**2 - 7*b**3 + 4*b**2. What is the remainder when 16 is divided by u(s)?
7
Let x be (-2004)/(-20) - 2/10. Suppose 0 = -4*n + 9*n + 5*z + x, -2*n - 48 = 4*z. Let y = 27 + n. What is the remainder when 21 is divided by y?
10
Let x(g) = -g**3 - 5*g**2 + 3*g - 4. Calculate the remainder when x(-6) is divided by 4.
2
Suppose -5*c = -c - 44. What is the remainder when 41 is divided by c?
8
Let o(g) = -g**3 - 2*g**2 + 3*g + 1. Let c be o(-3). Calculate the remainder when c*-2 + (0 - -23) is divided by 11.
10
Let p be (-1 + 2)*(0 + -6). Let y be (p/4)/((-4)/8). Calculate the remainder when 1 + (66/y)/1 is divided by 12.
11
Calculate the remainder when 70 + 6/(-9)*-3 is divided by 19.
15
Let k(w) = 2*w**3 + w**2 + 3*w - 4. What is the remainder when 42 is divided by k(2)?
20
Suppose -6*c + 132 = -2*c. Calculate the remainder when c is divided by ((-60)/25)/((-2)/10).
9
Let d = -54 - -83. Suppose 0 = 3*l + 2 - d. What is the remainder when (-198)/(-8) + 2/8 is divided by l?
7
Let r(z) = 10*z**2 - z + 1. What is the remainder when 38 is divided by r(1)?
8
Suppose b - 5 = 3. Let x be 8/(-36) - (-857)/9. Suppose 0 = 3*v - b*v + x. Calculate the remainder when v is divided by 10.
9
Suppose -3*r - 60 = -0*r. Suppose -4 = -3*d + 5. Calculate the remainder when (-15)/10*r/6 is divided by d.
2
Let w = -2 - -1. Let t be ((-1 - w)/(-1))/1. Suppose t*r + 22 = 2*r. What is the remainder when 32 is divided by r?
10
Let g be (-4 + 3)/(2/(-6)). Suppose g*r = 5*r + 200. Let k = r - -149. What is the remainder when k is divided by 17?
15
Let g = -50 + 103. What is the remainder when g is divided by 29?
24
Let t be 16/(-28) + 179/7. Suppose m = -2*h + 12, 0 = 4*m + 5*h - 0*h - 45. What is the remainder when (-9 - -1)/(-2) + t is divided by m?
9
Let p be 0 + ((-1)/1 - -3). Suppose 4*g - p*g = 110. What is the remainder when g is divided by 19?
17
Let h(g) = -5*g - 3. Suppose 3*d = t - 11, 3*t - 4*d - 12 = t. What is the remainder when 65 is divided by h(t)?
14
Suppose 6*h - 2*h + 3*m - 217 = 0, -53 = -h - m. Calculate the remainder when 170 is divided by h.
54
Let a = 10 + -6. Let c = 1 - -15. What is the remainder when c is divided by 1*(2 + a) - 0?
4
Let b(x) = -x**2 - 12*x - 13. What is the remainder when 137 is divided by b(-6)?
22
Suppose -2*f + f + 22 = 0. Suppose -3*c = 7 - 31. Calculate the remainder when f is divided by c.
6
Let c(x) = -x + 1. Calculate the remainder when 75 is divided by c(-12).
10
Let j be 6*2/6 - 0. Suppose 5*y - 12 + 5 = q, 3*y - 4*q = -6. Calculate the remainder when 31 is divided by y + (-1 + j)*9.
9
What is the remainder when (16/(-20) - 159/(-5))*4 is divided by 42?
40
Let r(n) = -n**2 - 7*n + 1. Calculate the remainder when 25 is divided by r(-6).
4
Suppose 4*a - 10 = -a. Suppose a*s - 4*g = 68, -2 = -4*g + 2*g. What is the remainder when s is divided by 13?
10
Let t = 238 - 135. Calculate the remainder when t is divided by 53.
50
Let f = -28 - -52. What is the remainder when 93 is divided by f?
21
Let v(k) = 6*k - 3. Calculate the remainder when 16 is divided by v(2).
7
Let p(g) = -3*g - 30. Let s be p(-12). Let a = s - -7. What is the remainder when 50 is divided by a?
11
Suppose 4*k - 2*r = -143 - 71, 15 = 5*r. Let i(w) = -2*w**2 - 8*w - 3. What is the remainder when k/(-6) + (-10)/15 is divided by i(-3)?
2
Suppose i = 5*d - 102, 0 = -d - 2*i + 15 + 1. What is the remainder when 38 is divided by d?
18
Suppose -2*c = -5 + 3. Let o = -3 - c. Let u(a) = -a**3 - 3*a**2 + 2*a + 2. Calculate the remainder when u(o) is divided by 4.
2
Calculate the remainder when 29 is divided by (1*6/(-12))/((-2)